1489*j - 1187. What is the hundreds digit of c(-7)?
2
Suppose 5*t - 5*a - 37030 = 0, 14818 = -0*t + 2*t - a. What is the tens digit of t?
1
Suppose 4*p - 4*n = -732, 2*n = -82*p + 81*p - 189. Let d = 29 + -69. Let b = d - p. What is the units digit of b?
5
Suppose 0 = 2*w + g + 1400, 2*w + 1112 + 298 = 4*g. Let n = w - -1022. What is the units digit of n?
1
Let p be (-9)/(-3) + 2 + -1. Suppose 723*b = 789*b. Suppose 4*v - 2*o + b*o = 538, p*v - 544 = 4*o. What is the units digit of v?
3
Suppose -2*v + 7332 = 133*p - 131*p, -14619 = -4*v + 5*p. What is the hundreds digit of v?
6
Suppose -14 = -5*d - 3*a + 11, -4*d - 7 = -3*a. Let k be (51/d)/3*(9 - 7). What is the tens digit of 7 + k/(-2) + (-258)/(-4)?
6
Let f be (6/1)/(8 - 7). Suppose -926 + 3824 = f*h. Suppose 4*p = h + 337. What is the tens digit of p?
0
Suppose -65*p - 24 = -71*p. Suppose -3*w = -p*b + 3278, -6*b - 3*w = -b - 4084. What is the tens digit of b?
1
Let g be -5 + (-321)/(-6)*2. Let s = g + -100. Suppose -5*u = 4*m - 27 - 62, 3*m = s*u + 61. What is the units digit of m?
1
Suppose 2*r + 789 - 2401 = 0. Let k = r - 332. What is the tens digit of k?
7
Let t = -50 + 23. Let r = 26 + t. What is the tens digit of r/5 + 480/25?
1
Let f = -1783 - -15357. What is the tens digit of f?
7
Let d be (1 + -63)/(5/3 - 2). Suppose h - d = 23. Suppose 0 = 2*c - h - 5. What is the units digit of c?
7
Let p(x) = -2413*x - 7218. What is the hundreds digit of p(-15)?
9
Suppose -4617 = -3*f + 431*u - 433*u, 0 = -3*f - u + 4614. What is the units digit of f?
7
Suppose 0 = -j - 5*r + 15583 + 866, 0 = -j + 2*r + 16463. What is the ten thousands digit of j?
1
Let t(h) = -1 - h + 11*h**3 + 0*h**2 + 2*h**2 - 3*h. Suppose -18 = -4*y + 2*g, -61*g - 6 = 2*y - 59*g. What is the tens digit of t(y)?
8
Suppose 154*t - 267*t + 284308 = 0. What is the units digit of t?
6
Suppose 26*d + 6 = 28*d. Suppose 0 = -6*n + 7*n - d. Suppose n*s - 241 = -2*y, 2*y = 5*s + 158 + 75. What is the units digit of y?
9
What is the thousands digit of 4/((-120)/(-105190)) + 0 + (-4)/12?
3
Let f = -17 - 11. Let n = -27 - f. What is the hundreds digit of ((-940)/(-6) + (-3)/(-9))*n?
1
Suppose u - 4*i = 538, -5*u - 5*i + 2889 - 224 = 0. What is the units digit of u?
4
Suppose 3*v + 5*q = 8*v - 255, -5*v = 5*q - 295. Let z(x) = v - 51 + 6*x**2 - 5*x + 4*x. What is the units digit of z(5)?
9
What is the tens digit of 130/260 - (-1878)/4?
7
Let j(u) = -2*u**3 - 12*u**2 + 16*u + 32. Let c = -38 - -28. What is the tens digit of j(c)?
7
Suppose -5*r + 2*v + 68078 = 0, 11*r - 4*v = 12*r - 13642. What is the hundreds digit of r?
6
Suppose -69*u + 24*u + 636030 = 0. What is the units digit of u?
4
Let c = 19313 - 11913. Suppose -2960 = -2*d + 5*i, 41*d + 5*i = 36*d + c. What is the tens digit of d?
8
What is the thousands digit of ((-81)/135*4/(-3))/(5/45975)?
7
Let o be 16/64 - (-326)/8. Let q = -61 + o. Let j = 62 - q. What is the units digit of j?
2
Suppose -2*a - 2*z - z = 18, 0 = -3*a - 3*z - 24. What is the tens digit of a/8 + 10458/56?
8
Let r = -305 + 317. Let k(s) = -6*s + 126. What is the tens digit of k(r)?
5
Let u = -123 + 172. Suppose -u = 2*s - 665. What is the tens digit of s?
0
Let y = -272 + 279. Let x(v) = 2*v**3 - 5*v**2 + 14*v + 17. What is the units digit of x(y)?
6
Let g be 2 + 2 + (0 + -132)/(-4). Suppose -g*k + 18299 = -8*k. What is the hundreds digit of k?
6
What is the thousands digit of (382911530/10475)/(16/20*2/4)?
1
Suppose 9*j = 6*j + n + 77803, j + 3*n - 25911 = 0. What is the ten thousands digit of j?
2
What is the hundreds digit of (1/2*-7517)/(18/(-36))?
5
Suppose -5*c + 10 = -5*o, -o + 9 = 5*c + 17. Let q(t) = 8*t**2 - 3*t - 2. Let n be q(c). Suppose -n*a + 17 = 8*a. What is the units digit of a?
1
What is the hundreds digit of (-380)/(-152)*(-38652)/(-15)?
4
Let n(k) = -18*k**3 + 2*k + 1. Let p be n(-1). Let u(l) = 20*l - 1 - l**2 + 8*l**2 - l**3 + 9*l**2 - 1. What is the tens digit of u(p)?
4
Let v(s) = -1221*s - 1347. What is the thousands digit of v(-12)?
3
Suppose -188*u = 189*u - 373*u - 14456. What is the tens digit of u?
1
Let y = -10344 + 23852. What is the thousands digit of y?
3
Suppose 9*x + 5664 = p + 8*x, p + 4*x - 5639 = 0. What is the units digit of p?
9
Suppose 2*f - 41720 = -3*d + 33727, 3*f - 113180 = 5*d. What is the tens digit of f?
2
Let u be (-270)/((-20)/(-4))*4/(-3). Suppose 3*k = 4*z + 2, 0 = 3*k - 3*z + 4*z - 7. Suppose -u = p - k*p. What is the tens digit of p?
7
Let g(y) = -38*y - 58. Suppose -4*j - 4*l = 60, -j + 16 = 4*l + 46. What is the hundreds digit of g(j)?
3
Let f = 53888 + -9338. What is the ten thousands digit of f?
4
What is the ten thousands digit of 854/4697 - (-1)/(22/240456)?
1
Let b = 309 + -306. What is the tens digit of (-2)/(b + -7)*876?
3
Suppose 3539*w = 3524*w + 154290. What is the thousands digit of w?
0
Suppose 21*o = 30*o - 21645. Suppose 0 = 5*l - 3*v - o, 4*l + 4*v = 2745 - 853. What is the units digit of l?
8
Let j(u) = -14*u**3 - 7*u**2 - u + 45. What is the units digit of j(-7)?
1
Suppose -450185 + 1959313 = 86*m. What is the hundreds digit of m?
5
Suppose -3*y = 2*y - 105. Let d be -1*(133/y)/(1/81). Let o = 726 + d. What is the tens digit of o?
1
Let c = 1194 + -679. Suppose -k + 485 = 4*k. Suppose c = 5*u - 2*j - 3*j, -3*j = -u + k. What is the hundreds digit of u?
1
Let r(b) = 12*b**2 + 5*b + 4. Suppose -2*t - 4 = 2*q, 4*t = -q + 2 - 1. What is the units digit of r(q)?
7
Let t be 6 - (1 - 4 - -5). What is the tens digit of ((-38)/(-8) + (t - 4))*4?
1
Suppose -3*z + 2*u + 27844 = 0, 5*z + 169*u - 46370 = 165*u. What is the thousands digit of z?
9
Suppose 2*y = y + 3. Suppose -3*b = t + 2*b - 31, y*b - 39 = -4*t. Let f = t + 8. What is the tens digit of f?
1
Suppose 0 = 605*d - 607*d + 10562. What is the hundreds digit of d?
2
Suppose 5*s + 3*h = 35 + 19, -5*s = -2*h - 64. Let q be s*(-5)/60*-4. Suppose f - 78 = q. What is the tens digit of f?
8
Let l be 1/8 + (-225)/(-120). Suppose -5*k + l*k + 846 = 0. What is the tens digit of k/((-3)/(12/(-8)))?
4
Let p = -270 + 421. Suppose -18*d + p + 2477 = 0. What is the hundreds digit of d?
1
Suppose -38*q = 12*q - 313900. What is the hundreds digit of q?
2
Let y(k) = 295*k**2 + 10*k + 8. Let a be y(-1). Let t = a - 290. What is the units digit of t?
3
Let n(h) = 543*h**2 + 28*h - 26. What is the hundreds digit of n(3)?
9
Let m be (-2)/4 + (-3)/(-12)*34. Suppose 4*y - 12 + m = 0. What is the tens digit of 262/10 + (4/5 - y)?
2
Let q be 1*(-672 - (-5 - -1)). Let h = 410 + q. Let p = h - -362. What is the hundreds digit of p?
1
Suppose 5*a - 6*a + 2*l + 757 = 0, 0 = a + l - 763. Let o = a - 104. What is the tens digit of o?
5
Let f(j) = -3*j**3 - 56*j**2 - 25*j + 33. What is the hundreds digit of f(-24)?
8
Let u(z) = z**2 + 18*z - 44. Let q = 50 - 70. Let s be u(q). Let a(p) = -43*p + 16. What is the hundreds digit of a(s)?
1
Suppose 28*y - 113481 = -13*y - 40*y. What is the units digit of y?
1
Suppose -62*r + 282998 - 21886 + 468876 = 0. What is the tens digit of r?
7
What is the hundreds digit of 30/(-24) - 58754/(-8)?
3
Let j(h) = -10*h**3 + 21 - 39*h**2 - 18*h**3 + 26*h**3 - 26*h. What is the tens digit of j(-19)?
5
Let s = 123 - 119. Suppose -2*x = 3*b - 1219, s*b + 6 + 6 = 0. What is the units digit of x?
4
Suppose -1036*j = -1039*j + 8166. What is the units digit of j?
2
Let g be (4 - 7)/(-3) + 2 + -1. Suppose g + 6 = 4*r. Suppose 530 = 4*h + r*f - 0*f, -f - 539 = -4*h. What is the hundreds digit of h?
1
Let g(n) = 2*n**2 + 34*n - 32. Let o be g(-18). What is the hundreds digit of (17 + 1696)*o/6?
1
Let t be -1 - (2 - 11)/3. Suppose -t*r - 9*r + 2574 = 0. Let p = -107 + r. What is the tens digit of p?
2
What is the hundreds digit of (315549/18 - 19)*(2 + 0)?
0
Let r be ((-6)/(-3)*1)/(2/14). Suppose -w = -2*w + r. Suppose w*a = 13*a + 113. What is the hundreds digit of a?
1
Suppose -9883 = -a - 3667. Suppose -34*c + 27*c = -a. What is the units digit of c?
8
Suppose 0 = -3*n - 5*n - 112. Let h = n - -21. Suppose h*b - 3*b = 1212. What is the hundreds digit of b?
3
Let g be 1744/(-20) - 12/15. What is the tens digit of 1/((-5)/35) - g?
8
Suppose 5*h - 2*a = 187817, -8*h + 4*a = -10*h + 75122. What is the ten thousands digit of h?
3
Let k(b) = -22*b - 289. Let z be k(0). Let u = 833 + z. What is the t